.
8
What is the remainder when 10368 is divided by 93?
45
What is the remainder when 9210 is divided by 469?
299
What is the remainder when 4950 is divided by 130?
10
What is the remainder when 24568 is divided by 2456?
8
Calculate the remainder when 24191 is divided by 144.
143
Calculate the remainder when 894622 is divided by 48.
46
Calculate the remainder when 204425 is divided by 3051.
8
Calculate the remainder when 2747 is divided by 131.
127
Calculate the remainder when 530195 is divided by 34.
33
What is the remainder when 447 is divided by 27?
15
Calculate the remainder when 9843 is divided by 92.
91
What is the remainder when 4890 is divided by 283?
79
Calculate the remainder when 1909 is divided by 952.
5
What is the remainder when 11400 is divided by 61?
54
Calculate the remainder when 295624 is divided by 25.
24
What is the remainder when 442386 is divided by 307?
306
What is the remainder when 17962 is divided by 663?
61
Calculate the remainder when 14784 is divided by 22.
0
Calculate the remainder when 587113 is divided by 7.
2
What is the remainder when 91 is divided by 88?
3
What is the remainder when 127967 is divided by 127916?
51
Calculate the remainder when 25343 is divided by 352.
351
Calculate the remainder when 81600 is divided by 40.
0
What is the remainder when 7662 is divided by 97?
96
What is the remainder when 49635 is divided by 7089?
12
What is the remainder when 5336470 is divided by 94?
90
Calculate the remainder when 2856438 is divided by 7.
4
What is the remainder when 10419 is divided by 275?
244
Calculate the remainder when 125251 is divided by 362.
361
What is the remainder when 159230 is divided by 289?
280
Calculate the remainder when 1106346 is divided by 70.
66
Calculate the remainder when 32701 is divided by 346.
177
Calculate the remainder when 29582 is divided by 821.
26
What is the remainder when 44331 is divided by 694?
609
Calculate the remainder when 190573 is divided by 63.
61
Calculate the remainder when 2759 is divided by 1313.
133
What is the remainder when 545821 is divided by 74?
71
What is the remainder when 9797 is divided by 2408?
165
What is the remainder when 459365 is divided by 13?
10
Calculate the remainder when 8113 is divided by 252.
49
Calculate the remainder when 928 is divided by 884.
44
Calculate the remainder when 146774 is divided by 793.
69
What is the remainder when 188969 is divided by 15747?
5
Calculate the remainder when 14672 is divided by 2708.
1132
What is the remainder when 6193 is divided by 295?
293
Calculate the remainder when 341015 is divided by 170505.
5
What is the remainder when 2218 is divided by 308?
62
What is the remainder when 75887 is divided by 12?
11
Calculate the remainder when 3453 is divided by 157.
156
Calculate the remainder when 15166 is divided by 3737.
218
Calculate the remainder when 975 is divided by 128.
79
What is the remainder when 595 is divided by 207?
181
Calculate the remainder when 7827 is divided by 88.
83
Calculate the remainder when 322 is divided by 119.
84
What is the remainder when 7251 is divided by 254?
139
What is the remainder when 22637 is divided by 11173?
291
What is the remainder when 306289 is divided by 23?
21
Calculate the remainder when 5911 is divided by 370.
361
What is the remainder when 1194 is divided by 758?
436
Calculate the remainder when 219555 is divided by 8.
3
Calculate the remainder when 24149 is divided by 8037.
38
What is the remainder when 11730 is divided by 63?
12
What is the remainder when 9591 is divided by 9579?
12
What is the remainder when 2381 is divided by 635?
476
Calculate the remainder when 32545 is divided by 49.
9
What is the remainder when 13932 is divided by 23?
17
Calculate the remainder when 40093 is divided by 56.
53
Calculate the remainder when 23829 is divided by 19.
3
Calculate the remainder when 33581 is divided by 11166.
83
Calculate the remainder when 235513 is divided by 91.
5
Calculate the remainder when 19173 is divided by 19030.
143
What is the remainder when 2684594 is divided by 178?
176
Calculate the remainder when 175676 is divided by 288.
284
Calculate the remainder when 8106 is divided by 1013.
2
What is the remainder when 163955 is divided by 18216?
11
Calculate the remainder when 15876 is divided by 15.
6
What is the remainder when 32086 is divided by 2569?
1258
What is the remainder when 2927924 is divided by 693?
692
What is the remainder when 5809 is divided by 116?
9
What is the remainder when 351726 is divided by 21?
18
What is the remainder when 13216 is divided by 228?
220
What is the remainder when 86457 is divided by 982?
41
Calculate the remainder when 659 is divided by 91.
22
Calculate the remainder when 498 is divided by 35.
8
What is the remainder when 326 is divided by 53?
8
What is the remainder when 3073 is divided by 990?
103
Calculate the remainder when 7981 is divided by 86.
69
Calculate the remainder when 90265 is divided by 1504.
25
Calculate the remainder when 13028 is divided by 2586.
98
Calculate the remainder when 70657 is divided by 11.
4
Calculate the remainder when 4018 is divided by 797.
33
What is the remainder when 2929 is divided by 293?
292
What is the remainder when 138717 is divided by 3?
0
What is the remainder when 10951 is divided by 228?
7
Calculate the remainder when 128864 is divided by 14310.
74
What is the remainder when 54884 is divided by 67?
11
Calculate the remainder when 45297 is divided by 129.
18
Calculate the remainder when 4253 is divided by 170.
3
Calculate the remainder when 15388 is divided by 5129.
1
Calculate the remainder when 18871 is divided by 972.
403
Calculate the remainder when 1538089 is divided by 74.
73
Calculate the remainder when 24097 is divided by 24068.
29
Calculate the remainder when 430299 is divided by 34.
29
Calculate the remainder when 1398 is divided by 436.
90
Calculate the remainder when 13361 is divided by 1563.
857
What is the remainder when 42712 is divided by 2243?
95
Calculate the remainder when 1604741 is divided by 29.
26
What is the remainder when 300255 is divided by 150127?
1
What is the remainder when 1770 is divided by 304?
250
What is the remainder when 1708 is divided by 154?
14
Calculate the remainder when 14064 is divided by 156.
24
What is the remainder when 322 is divided by 7?
0
Calculate the remainder when 222 is divided by 188.
34
Calculate the remainder when 594779 is divided by 46.
45
Calculate the remainder when 1183 is divided by 17.
10
What is the remainder when 91696 is divided by 917?
913
Calculate the remainder when 525602 is divided by 28.
14
Calculate the remainder when 64400 is divided by 290.
20
What is the remainder when 2772 is divided by 251?
11
Calculate the remainder when 48119 is divided by 227.
222
Calculate the remainder when 3168 is divided by 890.
498
Calculate the remainder when 45315 is divided by 458.
431
Calculate the remainder when 599384 is divided by 122.
120
What is the remainder when 2173 is divided by 214?
33
Calculate the remainder when 73029 is divided by 68.
65
Calculate the remainder when 4113296 is divided by 23.
22
Calculate the remainder when 993 is divided by 322.
27
Calculate the remainder when 4763 is divided by 869.
418
Calculate the remainder when 16089 is divided by 74.
31
What is the remainder when 156797 is divided by 453?
59
Calculate the remainder when 46662 is divided by 5183.
15
What is the remainder when 28847 is divided by 11?
5
What is the remainder when 22433 is divided by 340?
333
What is the remainder when 206810 is divided by 2997?
17
Calculate the remainder when 7611 is divided by 125.
111
What is the remainder when 77489 is divided by 21?
20
What is the remainder when 6815 is divided by 254?
211
What is the remainder when 101833 is divided by 219?
217
What is the remainder when 80698 is divided by 690?
658
What is the remainder when 77865 is divided by 4?
1
Calculate the remainder when 18197 is divided by 45.
17
What is the remainder when 548207 is divided by 48?
47
What is the remainder when 2963798 is divided by 29?
27
Calculate the remainder when 18691 is divided by 123.
118
Calculate the remainder when 40295 is divided by 155.
150
Calculate the remainder when 50719 is divided by 1954.
1869
Calcul